{"id":151418,"date":"2023-06-19T17:46:18","date_gmt":"2023-06-19T21:46:18","guid":{"rendered":"https:\/\/seyo.cl\/?post_type=product&#038;p=151418"},"modified":"2023-06-19T22:25:00","modified_gmt":"2023-06-20T02:25:00","slug":"polera-pique-con-estampado-de-logo-personalizado","status":"publish","type":"product","link":"https:\/\/seyo.cl\/index.php\/producto\/polera-pique-con-estampado-de-logo-personalizado\/","title":{"rendered":"Polera Piqu\u00e9 con estampado de logo personalizado"},"content":{"rendered":"<p>ESTAMPADOS SEYO<br \/>\nRopa de Trabajo.<\/p>\n<p>Polera polo manga corta en tela pique.<\/p>\n<p>Ropa de Trabajo con gran ventilaci\u00f3n, brindar sensaci\u00f3n de frescura.<br \/>\nDe f\u00e1cil lavado y secado.<\/p>\n<p>(Para el uso continuo de exteriores, se recomienda usar tecnolog\u00eda Dry Fit, Dry Fresh o Dry fresh Smooth).<\/p>\n<p>Especificaci\u00f3n del producto<br \/>\nCalce: Cl\u00e1sico.<\/p>\n<p>Tela: Pique.<\/p>\n<p>Composici\u00f3n: 80% Algod\u00f3n 20% poli\u00e9ster.<\/p>\n<p>Gramaje: 230 gr.<\/p>\n<p>Antipilling<br \/>\nCosturas Reforzadas<\/p>\n<p>Precio incluye aplicaci\u00f3n de logo y nombre estampado<\/p>\n<p>Realiza con confianza todas las consultas te responderemos con la mejor disposici\u00f3n.<\/p>\n","protected":false},"excerpt":{"rendered":"<p>(Precio para compras mayores a 5 piezas, e incluye aplicaci\u00f3n de logo y nombre estampado en vinil textil de la mejor calidad).<\/p>\n","protected":false},"featured_media":151416,"template":"","meta":[],"product_cat":[407],"product_tag":[119,396,191],"_links":{"self":[{"href":"https:\/\/seyo.cl\/index.php\/wp-json\/wp\/v2\/product\/151418"}],"collection":[{"href":"https:\/\/seyo.cl\/index.php\/wp-json\/wp\/v2\/product"}],"about":[{"href":"https:\/\/seyo.cl\/index.php\/wp-json\/wp\/v2\/types\/product"}],"version-history":[{"count":4,"href":"https:\/\/seyo.cl\/index.php\/wp-json\/wp\/v2\/product\/151418\/revisions"}],"predecessor-version":[{"id":151471,"href":"https:\/\/seyo.cl\/index.php\/wp-json\/wp\/v2\/product\/151418\/revisions\/151471"}],"wp:featuredmedia":[{"embeddable":true,"href":"https:\/\/seyo.cl\/index.php\/wp-json\/wp\/v2\/media\/151416"}],"wp:attachment":[{"href":"https:\/\/seyo.cl\/index.php\/wp-json\/wp\/v2\/media?parent=151418"}],"wp:term":[{"taxonomy":"product_cat","embeddable":true,"href":"https:\/\/seyo.cl\/index.php\/wp-json\/wp\/v2\/product_cat?post=151418"},{"taxonomy":"product_tag","embeddable":true,"href":"https:\/\/seyo.cl\/index.php\/wp-json\/wp\/v2\/product_tag?post=151418"}],"curies":[{"name":"wp","href":"https:\/\/api.w.org\/{rel}","templated":true}]}}